rime factors of a/(-4) - (-5)/(-10)?
2, 3
Let a be 15/4 - 4/(-16). Let h(k) = -k - 2. Let b be h(a). Let m = 11 + b. List the prime factors of m.
5
Let m = 7 + -16. Let i(r) = 2*r - 17. Let b(l) = -l + 16. Let k(s) = 3*b(s) + 2*i(s). What are the prime factors of k(m)?
5
Let g(q) = 6*q**2 - 1. Let l be 26/10 - 3/5. List the prime factors of g(l).
23
Let q(f) = f**3 - 12*f**2 + 13*f + 4. Let i be q(11). Suppose -5*s + 3*s = -i. List the prime factors of s.
13
Let a(k) = 7*k - 9. List the prime factors of a(5).
2, 13
Suppose -65 = -5*n + 35. List the prime factors of n.
2, 5
What are the prime factors of (96/88)/6 + 1197/11?
109
Let j(n) be the first derivative of -n**2/2 - 9*n + 1. Let z be j(0). Let k = 20 + z. List the prime factors of k.
11
Let s = -23 - -61. List the prime factors of s.
2, 19
Suppose 3*k + 3*o = 39, -k - 4*k + 70 = 4*o. Suppose 10 + k = m. Let v = -17 + m. List the prime factors of v.
11
Suppose 2*i - 246 = -4*o, 2*i + o = i + 123. What are the prime factors of i?
3, 41
Let b be (1 + -3)/(4/(-6)). Suppose 15 = 8*h - 1. Suppose h*t + 13 = b*t. What are the prime factors of t?
13
Suppose 0 = 5*u - 2*u - 618. List the prime factors of u.
2, 103
Suppose 0 = -w - 1 + 2, 5 = 4*b - 3*w. Let h(m) = m - m**b - m + 1 + 5*m**3. List the prime factors of h(1).
5
Let z be 3/(-2)*(-4)/3. Suppose z*f - 9 - 1 = 0. List the prime factors of f.
5
Suppose -2*l + 223 = 5*j, -3*l - l - 2*j = -406. List the prime factors of l.
3, 11
Suppose 385*p + 552 = 388*p. List the prime factors of p.
2, 23
What are the prime factors of (138/15)/(3/15)?
2, 23
Suppose -5*u + 1 + 4 = 0. Let v(o) = -4*o**2 - o - 1. Let f(c) = -3*c**2 - 2*c - 1. Let t(p) = 2*f(p) - 3*v(p). List the prime factors of t(u).
2, 3
Let c(w) = -w + 32. What are the prime factors of c(0)?
2
Suppose 485 = 3*k - 0*w + 4*w, 4*w - 652 = -4*k. List the prime factors of k.
167
Let t(o) = o**2 + 2*o - 4. Let x be t(-3). Let v = 8 - x. What are the prime factors of v?
3
Let n be 4*(-1 - 15/(-12)). Let t be (3 + n - 2) + 1. Suppose -3*d = 2*k - 15, t*k + 4*d + 0*d = 25. What are the prime factors of k?
3, 5
Suppose 0 = -2*k - 3*k + 140. List the prime factors of k.
2, 7
Suppose -20 = -0*x - 4*x, 2*c - 5*x - 65 = 0. Let a(f) = 3*f + 18. Let t be a(-15). Let s = t + c. What are the prime factors of s?
2, 3
Let d = -4 - 0. Let r be (d/10)/((-2)/(-20)). What are the prime factors of (-7 - 1)/(r/2)?
2
Let z = 22 - -10. Suppose -7*x + 3*x = -z. List the prime factors of x.
2
Let m(l) = 3*l - 8. Let n = -4 + 10. List the prime factors of m(n).
2, 5
Suppose 180 = 8*r - 5*r. List the prime factors of r.
2, 3, 5
Let u(i) = -16*i. Let l be u(1). Let x = 29 + l. What are the prime factors of x?
13
Let c(o) = -7*o + 2. Let w(p) = -34*p + 10. Let a(l) = 11*c(l) - 2*w(l). What are the prime factors of a(-1)?
11
Suppose 5 = -6*l + 605. List the prime factors of l.
2, 5
Suppose -84*d + 113 = -83*d. What are the prime factors of d?
113
Let k be 5/(-10) + (-9)/(-2). Suppose -4*n = -0*n + 5*v - 130, k*n = v + 142. What are the prime factors of n?
5, 7
Suppose 17 = -2*o + t, 3*t = 3*o - 2*t + 36. Let b = -10 - o. What are the prime factors of b - (0 + 2 - 15)?
2, 5
Suppose 0 = p - 3*y + 6 - 18, 0 = -2*p - 5*y + 79. List the prime factors of p.
3
Let o = 12 + -10. Suppose 3 = o*v - 3. Suppose -2*q + 50 = 2*x, 0 = 3*q - q - v*x - 30. What are the prime factors of q?
3, 7
Suppose 7 - 10 = -c. Suppose 0 = -3*h - 12, -b + 0*h - c = 5*h. Suppose 4*d - b = 3*d. What are the prime factors of d?
17
Let b(n) = -2*n + 3*n**2 + 4*n**2 + n - 1 - 4*n**2. What are the prime factors of b(-1)?
3
Suppose 4*n + 4*k = -28, k + 8 = -k. Let u(c) = 14*c. Let o be u(n). Let i = -23 - o. What are the prime factors of i?
19
Suppose 2*r - 228 + 18 = 0. Suppose -6*z + z = -r. What are the prime factors of z?
3, 7
Let k = -7 + 10. Let q be 3*-3*k/(-9). Let u = 7 - q. List the prime factors of u.
2
Let x(s) = 5*s + 0*s - s**2 - 5 + 1. Let v be x(6). Let k = v + 26. What are the prime factors of k?
2
Let b be ((-10)/4)/(-1)*2. Suppose 0 = -s - h + 4, -3*h - 1 = -3*s + b. What are the prime factors of s?
3
Suppose -y + 3 = -a - 5, 5*y = -5*a. Suppose y*j = 5*j - 1. What are the prime factors of 212/10 - j/5?
3, 7
Suppose 0 = -3*m + 10 + 8. Suppose 0 = m*o - 134 - 22. List the prime factors of o.
2, 13
Let r(z) = -z**3 + 6*z**2 - 2*z - 5. Let w be r(4). Suppose 4*j = -4*a + 4, -a - w = -5*j + a. Suppose -1 = f, -f - 3 - 10 = -j*p. List the prime factors of p.
2
Suppose 7*m = 2*m - 5*c, -c + 6 = 4*m. Suppose t + m*q - 7*q - 15 = 0, 0 = 3*q. What are the prime factors of t?
3, 5
Let c(d) = d**3 + 11*d**2 + 7*d + 2. List the prime factors of c(-8).
2, 3, 23
Let g(b) = 6 - 4*b**2 + 6*b + 0*b**3 - b**3 + 2*b. Let p be g(-7). Suppose 5*m = 2 - 7, -5*w - 3*m = -p. What are the prime factors of w?
2, 5
Let q(t) = t**3 + 4*t - 2. Let i be q(3). Let w = -24 + i. List the prime factors of w.
13
Let n(h) = -4*h**2 + 28*h + 1. Let o(v) = -v**2 + 9*v. Let s(j) = 2*n(j) - 7*o(j). What are the prime factors of s(-5)?
2, 3
Let o(i) = i**3 + 2*i**2 - 3*i + 4. Let r be o(-3). Suppose r*n - n = 75. Suppose 9*j - 4*j - n = 0. List the prime factors of j.
5
Suppose 2*o - 5*o = -123. Let t be 3*(-2 + (-20)/3). Let f = o + t. What are the prime factors of f?
3, 5
Suppose -3*n + 0*n = -30. List the prime factors of n.
2, 5
Let c(i) = -i**2 + 7*i - 4. Let a be c(6). Suppose -r + 13 = a*h - 4*h, 3*r - h - 59 = 0. Let p = 36 - r. What are the prime factors of p?
3, 5
Let b(m) = 12 - 4*m + 3*m + 8. What are the prime factors of b(0)?
2, 5
Let s(d) = d**3 + 3*d**2 + 3*d + 3. Let y be s(-3). List the prime factors of 1*2*(-1 - y).
2, 5
Suppose 5*l + 97 = 3*w, 3*l = -5*w - 0*l + 105. Suppose 4*x - 15 = 3*x. Let d = w - x. What are the prime factors of d?
3
What are the prime factors of (-8)/(-64) + (-2718)/(-16)?
2, 5, 17
Let n be ((-3)/(-3))/(1/2). Suppose 0 = n*r + 2*r - 32. List the prime factors of r.
2
Let b = 28 - 6. What are the prime factors of b?
2, 11
Suppose -742 = 2*c - 9*c. List the prime factors of c.
2, 53
Let z(x) = 0*x - x**3 + 5*x**2 - 5 + 3*x + 1 - 4*x. What are the prime factors of z(3)?
11
Let k = 20 - -7. Suppose -3*w = 3*v - k, -v = -w + v + 24. List the prime factors of w.
2, 7
Let f(k) = 2*k**2 + 8*k + 4. Let w be f(-4). Let h = 5 + w. List the prime factors of h.
3
Let v(r) = r**2 + 10*r. Let l be v(-10). Suppose 229 = 4*h + 5*i, -i - 167 = -3*h - l*i. What are the prime factors of h?
2, 7
Let u = 5 + -8. Let f = u - -7. Suppose -5*d - f*p - 39 = -99, -4*d = -2*p - 48. List the prime factors of d.
2, 3
Suppose 105 + 187 = 2*r. What are the prime factors of r?
2, 73
Let b be 30/4 - (-2)/(-4). Let m = b - 4. Suppose 2*y = -m*y + 5*o + 40, o = 2. List the prime factors of y.
2, 5
Let i(l) = -l**2 + 7*l + 4. Let z be i(7). Suppose z*v - 9 - 31 = 0. What are the prime factors of (-2)/10 + 122/v?
2, 3
Let y be ((-4)/5)/((-10)/25). Let s(h) = 11 - h**2 + y*h - 3*h + 2*h. What are the prime factors of s(0)?
11
Let w(b) = -b**3 + 11*b**2 + 2*b - 20. List the prime factors of w(10).
2, 5
Suppose -80 = 14*z - 18*z. List the prime factors of z.
2, 5
Suppose 2*w + 561 = i + 4*i, 0 = -i + 3*w + 120. What are the prime factors of i?
3, 37
Let l = 78 + -223. Let s be (-2)/6 - l/(-15). List the prime factors of 1 - 0 - 0 - s.
11
Let q(d) = -68*d - 35. List the prime factors of q(-4).
3, 79
Let d = -246 - -410. Suppose -5*u = -34 + d. List the prime factors of u/(-4) - 3/6.
2, 3
Suppose -3*w + 6 = -2*w. Suppose 26 = 4*r - w. What are the prime factors of r?
2
Let g = 11 - 15. Let d = g - -9. Suppose -l + d = -0*l. What are the prime factors of l?
5
Suppose 4*l + 2*y = 540, 0 = 4*y - 0*y. List the prime factors of l.
3, 5
Let l(h) = h - 1. Let v be l(3). Suppose -v*j + 14 = -4*d, -5*j + 3*d = -4 - 3. Let z(p) = -15*p**3 + p**2 - 1. What are the prime factors of z(j)?
3, 5
Let z be (3 - -1)*(-63)/(-6). Suppose 0 = b - 4*b + z. List the prime factors of b.
2, 7
Let w(m) = -15*m**2 + m. Let f be w(1). Let n = -11 + 34. Let q = f + n. List the prime factors of q.
3
Let m(b) = -b + 1. Let h be m(-4). Let t be h*1/((-10)/(-16)). Let c = -1 + t. What are the prime factors of c?
7
Suppose 6*s - 3*s = 0. Suppose s = -3*g + 4*g + 8. Let j = g + 18. What are the prime factors o